{"id":32,"date":"2018-09-20T16:03:36","date_gmt":"2018-09-20T16:03:36","guid":{"rendered":"http:\/\/architekt-mayr.at\/?page_id=32"},"modified":"2022-08-18T15:40:00","modified_gmt":"2022-08-18T15:40:00","slug":"impressum","status":"publish","type":"page","link":"https:\/\/architekt-mayr.at\/?page_id=32","title":{"rendered":"IMPRESSUM"},"content":{"rendered":"<div class=\"wpb-content-wrapper\"><p>[vc_row][vc_column][vc_empty_space height=&#8220;90px&#8220;][\/vc_column][\/vc_row][vc_row][vc_column][vc_column_text]<\/p>\n<h1 class=\"adsimple-122089569 fusion-responsive-typography-calculated\" data-fontsize=\"32\" data-lineheight=\"38.4px\">Impressum<\/h1>\n<p class=\"adsimple-122089569\">Angaben gem\u00e4\u00df Informationspflicht laut \u00a75 E-Commerce Gesetz, \u00a714 Unternehmensgesetzbuch, \u00a763 Gewerbeordnung und Offenlegungspflicht laut \u00a725 Mediengesetz.<\/p>\n<p class=\"adsimple-122089569\">Architekt Bernd Mayr<br \/>\nBernd Mayr<br \/>\nBreitegasse 17\/3,<br \/>\nA-1070 Wien,<br \/>\n\u00d6sterreich<\/p>\n<p class=\"adsimple-122089569\"><strong>Unternehmensgegenstand:<\/strong>\u00a0Staatlich befugter und beeideter Ziviltechniker<\/p>\n<p class=\"adsimple-122089569\"><strong>Tel.:<\/strong>\u00a0+43\/(0)1\/524 2383 \u2013 11<br \/>\n<strong>Fax:<\/strong>\u00a0+43\/(0)1\/524 2383 \u2013 4<br \/>\n<strong>E-Mail:<\/strong>\u00a0<a href=\"mailto:info[at]architekt-mayr.at\">info[at]architekt-mayr.at<\/a><\/p>\n<p class=\"adsimple-122089569\"><strong>Mitglied bei:<\/strong>\u00a0Kammer f\u00fcr Architekten und Ingenieurkonsulenten, Wien<br \/>\n<strong>Berufsrecht:<\/strong>\u00a0Gewerbeordnung: www.ris.bka.gv.at<\/p>\n<p class=\"adsimple-122089569\"><strong>Berufsbezeichnung:<\/strong>\u00a0Staatlich befugter und beeideter Ziviltechniker<br \/>\n<strong>Verleihungsstaat:<\/strong>\u00a0\u00d6sterreich<\/p>\n<h2 id=\"eu-streitschlichtung\" class=\"adsimple-122089569 fusion-responsive-typography-calculated\" data-fontsize=\"24\" data-lineheight=\"36px\">EU-Streitschlichtung<\/h2>\n<p>Gem\u00e4\u00df Verordnung \u00fcber Online-Streitbeilegung in Verbraucherangelegenheiten (ODR-Verordnung) m\u00f6chten wir Sie \u00fcber die Online-Streitbeilegungsplattform (OS-Plattform) informieren.<br \/>\nVerbraucher haben die M\u00f6glichkeit, Beschwerden an die Online Streitbeilegungsplattform der Europ\u00e4ischen Kommission unter\u00a0<a class=\"adsimple-122089569\" href=\"https:\/\/ec.europa.eu\/consumers\/odr\/main\/index.cfm?event=main.home2.show&amp;lng=DE\" target=\"_blank\" rel=\"follow noopener\">https:\/\/ec.europa.eu\/consumers\/odr\/main\/index.cfm?event=main.home2.show&amp;lng=DE<\/a>\u00a0zu richten. Die daf\u00fcr notwendigen Kontaktdaten finden Sie oberhalb in unserem Impressum.<\/p>\n<p>Wir m\u00f6chten Sie jedoch darauf hinweisen, dass wir nicht bereit oder verpflichtet sind, an Streitbeilegungsverfahren vor einer Verbraucherschlichtungsstelle teilzunehmen.<\/p>\n<h2 id=\"haftung-fuer-inhalte-dieser-webseite\" class=\"adsimple-122089569 fusion-responsive-typography-calculated\" data-fontsize=\"24\" data-lineheight=\"36px\">Haftung f\u00fcr Inhalte dieser Website<\/h2>\n<p>Wir entwickeln die Inhalte dieser Website st\u00e4ndig weiter und bem\u00fchen uns korrekte und aktuelle Informationen bereitzustellen. Leider k\u00f6nnen wir keine Haftung f\u00fcr die Korrektheit aller Inhalte auf dieser Website \u00fcbernehmen, speziell f\u00fcr jene, die seitens Dritter bereitgestellt wurden. Als Diensteanbieter sind wir nicht verpflichtet, die von Ihnen \u00fcbermittelten oder gespeicherten Informationen zu \u00fcberwachen oder nach Umst\u00e4nden zu forschen, die auf eine rechtswidrige T\u00e4tigkeit hinweisen.<\/p>\n<p>Unsere Verpflichtungen zur Entfernung von Informationen oder zur Sperrung der Nutzung von Informationen nach den allgemeinen Gesetzen aufgrund von gerichtlichen oder beh\u00f6rdlichen Anordnungen bleiben auch im Falle unserer Nichtverantwortlichkeit davon unber\u00fchrt.<\/p>\n<p>Sollten Ihnen problematische oder rechtswidrige Inhalte auffallen, bitte wir Sie uns umgehend zu kontaktieren, damit wir die rechtswidrigen Inhalte entfernen k\u00f6nnen. Sie finden die Kontaktdaten im Impressum.<\/p>\n<h2 id=\"haftung-links-webseite\" class=\"adsimple-122089569 fusion-responsive-typography-calculated\" data-fontsize=\"24\" data-lineheight=\"36px\">Haftung f\u00fcr Links auf dieser Website<\/h2>\n<p>Unsere Website enth\u00e4lt Links zu anderen Websites f\u00fcr deren Inhalt wir nicht verantwortlich sind. Haftung f\u00fcr verlinkte Websites besteht f\u00fcr uns nicht, da wir keine Kenntnis rechtswidriger T\u00e4tigkeiten hatten und haben, uns solche Rechtswidrigkeiten auch bisher nicht aufgefallen sind und wir Links sofort entfernen w\u00fcrden, wenn uns Rechtswidrigkeiten bekannt werden.<\/p>\n<p>Wenn Ihnen rechtswidrige Links auf unserer Website auffallen, bitte wir Sie uns zu kontaktieren. Sie finden die Kontaktdaten im Impressum.<\/p>\n<h2 id=\"urheberrechtshinweis\" class=\"adsimple-122089569 fusion-responsive-typography-calculated\" data-fontsize=\"24\" data-lineheight=\"36px\">Urheberrechtshinweis<\/h2>\n<p>Alle Inhalte dieser Webseite (Bilder, Fotos, Texte, Videos) unterliegen dem Urheberrecht. Bitte fragen Sie uns bevor Sie die Inhalte dieser Website verbreiten, vervielf\u00e4ltigen oder verwerten wie zum Beispiel auf anderen Websites erneut ver\u00f6ffentlichen. Falls notwendig, werden wir die unerlaubte Nutzung von Teilen der Inhalte unserer Seite rechtlich verfolgen.<\/p>\n<p>Sollten Sie auf dieser Webseite Inhalte finden, die das Urheberrecht verletzen, bitten wir Sie uns zu kontaktieren.<\/p>\n<p>Alle Texte sind urheberrechtlich gesch\u00fctzt.<\/p>\n<p>Quelle: Erstellt mit dem\u00a0<a title=\"Impressum Generator von AdSimple f\u00fcr \u00d6sterreich\" href=\"https:\/\/www.adsimple.at\/impressum-generator\/\">Impressum Generator<\/a>\u00a0von AdSimple<\/p>\n<p>[\/vc_column_text][\/vc_column][\/vc_row][vc_row][vc_column][vc_empty_space height=&#8220;90px&#8220;][\/vc_column][\/vc_row]<\/p>\n<\/div>","protected":false},"excerpt":{"rendered":"<p>[vc_row][vc_column][vc_empty_space height=&#8220;90px&#8220;][\/vc_column][\/vc_row][vc_row][vc_column][vc_column_text] Impressum Angaben gem\u00e4\u00df Informationspflicht laut \u00a75 E-Commerce Gesetz, \u00a714 Unternehmensgesetzbuch, \u00a763 Gewerbeordnung und Offenlegungspflicht laut \u00a725 Mediengesetz. Architekt<\/p>\n","protected":false},"author":1,"featured_media":0,"parent":0,"menu_order":0,"comment_status":"closed","ping_status":"closed","template":"","meta":{"footnotes":""},"class_list":["post-32","page","type-page","status-publish","hentry"],"yoast_head":"<!-- This site is optimized with the Yoast SEO plugin v27.5 - https:\/\/yoast.com\/product\/yoast-seo-wordpress\/ -->\n<title>IMPRESSUM - | - Architekt Mayr - |<\/title>\n<meta name=\"robots\" content=\"index, follow, max-snippet:-1, max-image-preview:large, max-video-preview:-1\" \/>\n<link rel=\"canonical\" href=\"https:\/\/architekt-mayr.at\/?page_id=32\" \/>\n<meta property=\"og:locale\" content=\"de_DE\" \/>\n<meta property=\"og:type\" content=\"article\" \/>\n<meta property=\"og:title\" content=\"IMPRESSUM - | - Architekt Mayr - |\" \/>\n<meta property=\"og:description\" content=\"[vc_row][vc_column][vc_empty_space height=&#8220;90px&#8220;][\/vc_column][\/vc_row][vc_row][vc_column][vc_column_text] Impressum Angaben gem\u00e4\u00df Informationspflicht laut \u00a75 E-Commerce Gesetz, \u00a714 Unternehmensgesetzbuch, \u00a763 Gewerbeordnung und Offenlegungspflicht laut \u00a725 Mediengesetz. Architekt\" \/>\n<meta property=\"og:url\" content=\"https:\/\/architekt-mayr.at\/?page_id=32\" \/>\n<meta property=\"og:site_name\" content=\"| - Architekt Mayr - |\" \/>\n<meta property=\"article:modified_time\" content=\"2022-08-18T15:40:00+00:00\" \/>\n<meta name=\"twitter:card\" content=\"summary_large_image\" \/>\n<meta name=\"twitter:label1\" content=\"Gesch\u00e4tzte Lesezeit\" \/>\n\t<meta name=\"twitter:data1\" content=\"2\u00a0Minuten\" \/>\n<script type=\"application\/ld+json\" class=\"yoast-schema-graph\">{\"@context\":\"https:\\\/\\\/schema.org\",\"@graph\":[{\"@type\":\"WebPage\",\"@id\":\"https:\\\/\\\/architekt-mayr.at\\\/?page_id=32\",\"url\":\"https:\\\/\\\/architekt-mayr.at\\\/?page_id=32\",\"name\":\"IMPRESSUM - | - Architekt Mayr - |\",\"isPartOf\":{\"@id\":\"https:\\\/\\\/architekt-mayr.at\\\/#website\"},\"datePublished\":\"2018-09-20T16:03:36+00:00\",\"dateModified\":\"2022-08-18T15:40:00+00:00\",\"breadcrumb\":{\"@id\":\"https:\\\/\\\/architekt-mayr.at\\\/?page_id=32#breadcrumb\"},\"inLanguage\":\"de\",\"potentialAction\":[{\"@type\":\"ReadAction\",\"target\":[\"https:\\\/\\\/architekt-mayr.at\\\/?page_id=32\"]}]},{\"@type\":\"BreadcrumbList\",\"@id\":\"https:\\\/\\\/architekt-mayr.at\\\/?page_id=32#breadcrumb\",\"itemListElement\":[{\"@type\":\"ListItem\",\"position\":1,\"name\":\"Startseite\",\"item\":\"https:\\\/\\\/architekt-mayr.at\\\/\"},{\"@type\":\"ListItem\",\"position\":2,\"name\":\"IMPRESSUM\"}]},{\"@type\":\"WebSite\",\"@id\":\"https:\\\/\\\/architekt-mayr.at\\\/#website\",\"url\":\"https:\\\/\\\/architekt-mayr.at\\\/\",\"name\":\"| - Architekt Mayr - |\",\"description\":\"\",\"publisher\":{\"@id\":\"https:\\\/\\\/architekt-mayr.at\\\/#organization\"},\"potentialAction\":[{\"@type\":\"SearchAction\",\"target\":{\"@type\":\"EntryPoint\",\"urlTemplate\":\"https:\\\/\\\/architekt-mayr.at\\\/?s={search_term_string}\"},\"query-input\":{\"@type\":\"PropertyValueSpecification\",\"valueRequired\":true,\"valueName\":\"search_term_string\"}}],\"inLanguage\":\"de\"},{\"@type\":\"Organization\",\"@id\":\"https:\\\/\\\/architekt-mayr.at\\\/#organization\",\"name\":\"Architekt Mayr - Ihr Partner f\u00fcr Wohnungsanlagen Kommunalbauten und mehr.\",\"url\":\"https:\\\/\\\/architekt-mayr.at\\\/\",\"logo\":{\"@type\":\"ImageObject\",\"inLanguage\":\"de\",\"@id\":\"https:\\\/\\\/architekt-mayr.at\\\/#\\\/schema\\\/logo\\\/image\\\/\",\"url\":\"https:\\\/\\\/architekt-mayr.at\\\/wp-content\\\/uploads\\\/2022\\\/08\\\/Architekt-Bernd-Mayr-Logo-1.png\",\"contentUrl\":\"https:\\\/\\\/architekt-mayr.at\\\/wp-content\\\/uploads\\\/2022\\\/08\\\/Architekt-Bernd-Mayr-Logo-1.png\",\"width\":141,\"height\":34,\"caption\":\"Architekt Mayr - Ihr Partner f\u00fcr Wohnungsanlagen Kommunalbauten und mehr.\"},\"image\":{\"@id\":\"https:\\\/\\\/architekt-mayr.at\\\/#\\\/schema\\\/logo\\\/image\\\/\"}}]}<\/script>\n<!-- \/ Yoast SEO plugin. -->","yoast_head_json":{"title":"IMPRESSUM - | - Architekt Mayr - |","robots":{"index":"index","follow":"follow","max-snippet":"max-snippet:-1","max-image-preview":"max-image-preview:large","max-video-preview":"max-video-preview:-1"},"canonical":"https:\/\/architekt-mayr.at\/?page_id=32","og_locale":"de_DE","og_type":"article","og_title":"IMPRESSUM - | - Architekt Mayr - |","og_description":"[vc_row][vc_column][vc_empty_space height=&#8220;90px&#8220;][\/vc_column][\/vc_row][vc_row][vc_column][vc_column_text] Impressum Angaben gem\u00e4\u00df Informationspflicht laut \u00a75 E-Commerce Gesetz, \u00a714 Unternehmensgesetzbuch, \u00a763 Gewerbeordnung und Offenlegungspflicht laut \u00a725 Mediengesetz. Architekt","og_url":"https:\/\/architekt-mayr.at\/?page_id=32","og_site_name":"| - Architekt Mayr - |","article_modified_time":"2022-08-18T15:40:00+00:00","twitter_card":"summary_large_image","twitter_misc":{"Gesch\u00e4tzte Lesezeit":"2\u00a0Minuten"},"schema":{"@context":"https:\/\/schema.org","@graph":[{"@type":"WebPage","@id":"https:\/\/architekt-mayr.at\/?page_id=32","url":"https:\/\/architekt-mayr.at\/?page_id=32","name":"IMPRESSUM - | - Architekt Mayr - |","isPartOf":{"@id":"https:\/\/architekt-mayr.at\/#website"},"datePublished":"2018-09-20T16:03:36+00:00","dateModified":"2022-08-18T15:40:00+00:00","breadcrumb":{"@id":"https:\/\/architekt-mayr.at\/?page_id=32#breadcrumb"},"inLanguage":"de","potentialAction":[{"@type":"ReadAction","target":["https:\/\/architekt-mayr.at\/?page_id=32"]}]},{"@type":"BreadcrumbList","@id":"https:\/\/architekt-mayr.at\/?page_id=32#breadcrumb","itemListElement":[{"@type":"ListItem","position":1,"name":"Startseite","item":"https:\/\/architekt-mayr.at\/"},{"@type":"ListItem","position":2,"name":"IMPRESSUM"}]},{"@type":"WebSite","@id":"https:\/\/architekt-mayr.at\/#website","url":"https:\/\/architekt-mayr.at\/","name":"| - Architekt Mayr - |","description":"","publisher":{"@id":"https:\/\/architekt-mayr.at\/#organization"},"potentialAction":[{"@type":"SearchAction","target":{"@type":"EntryPoint","urlTemplate":"https:\/\/architekt-mayr.at\/?s={search_term_string}"},"query-input":{"@type":"PropertyValueSpecification","valueRequired":true,"valueName":"search_term_string"}}],"inLanguage":"de"},{"@type":"Organization","@id":"https:\/\/architekt-mayr.at\/#organization","name":"Architekt Mayr - Ihr Partner f\u00fcr Wohnungsanlagen Kommunalbauten und mehr.","url":"https:\/\/architekt-mayr.at\/","logo":{"@type":"ImageObject","inLanguage":"de","@id":"https:\/\/architekt-mayr.at\/#\/schema\/logo\/image\/","url":"https:\/\/architekt-mayr.at\/wp-content\/uploads\/2022\/08\/Architekt-Bernd-Mayr-Logo-1.png","contentUrl":"https:\/\/architekt-mayr.at\/wp-content\/uploads\/2022\/08\/Architekt-Bernd-Mayr-Logo-1.png","width":141,"height":34,"caption":"Architekt Mayr - Ihr Partner f\u00fcr Wohnungsanlagen Kommunalbauten und mehr."},"image":{"@id":"https:\/\/architekt-mayr.at\/#\/schema\/logo\/image\/"}}]}},"_links":{"self":[{"href":"https:\/\/architekt-mayr.at\/index.php?rest_route=\/wp\/v2\/pages\/32","targetHints":{"allow":["GET"]}}],"collection":[{"href":"https:\/\/architekt-mayr.at\/index.php?rest_route=\/wp\/v2\/pages"}],"about":[{"href":"https:\/\/architekt-mayr.at\/index.php?rest_route=\/wp\/v2\/types\/page"}],"author":[{"embeddable":true,"href":"https:\/\/architekt-mayr.at\/index.php?rest_route=\/wp\/v2\/users\/1"}],"replies":[{"embeddable":true,"href":"https:\/\/architekt-mayr.at\/index.php?rest_route=%2Fwp%2Fv2%2Fcomments&post=32"}],"version-history":[{"count":0,"href":"https:\/\/architekt-mayr.at\/index.php?rest_route=\/wp\/v2\/pages\/32\/revisions"}],"wp:attachment":[{"href":"https:\/\/architekt-mayr.at\/index.php?rest_route=%2Fwp%2Fv2%2Fmedia&parent=32"}],"curies":[{"name":"wp","href":"https:\/\/api.w.org\/{rel}","templated":true}]}}